 2*l + 15. What is the units digit of g?
3
Suppose 2*d - 4*d + 22 = 0. Suppose 4*g + 5*p = 53 - d, 0 = 5*g - 5*p - 75. What is the units digit of g?
3
Let o(j) = 19*j - 40. What is the units digit of o(11)?
9
Let t(a) = 24*a**2 - 4*a - 5. Let h be t(4). Let q be (-2)/10 + h/15. Suppose -2*n - 3*n = 2*j - 30, 4*n + j = q. What is the units digit of n?
6
Let f(g) = g**2 - 9*g - 8. Let p be f(10). Suppose 0 = p*x - 1 - 3. Suppose 0 = x*s + 5*t - 32, 2*t = 3 + 5. What is the units digit of s?
6
Suppose -3*q = -23 - 31. What is the tens digit of 3*2/(q/51)?
1
Suppose 4*k - 19 = 5. Let h(u) = -u + 5. Let i be h(k). What is the units digit of i/(-5) + 48/10?
5
Let z = 4 + -5. Let v be z + 1 + -2 + 0. Let o = 3 + v. What is the units digit of o?
1
Let i be (36/15)/(9/(-30)). Let r(y) = y**2 + 7*y - 6. Let w be r(i). Let u = 23 - w. What is the tens digit of u?
2
Suppose -2*s + 464 = -3*a + 2*a, a = -4. What is the units digit of s?
0
Suppose 0*h - 60 = -2*h. What is the tens digit of h?
3
What is the tens digit of 29/((-1)/14*-2)?
0
Suppose f = 3*z + 10, 13 + 23 = 3*f - 3*z. Let i = -6 + f. What is the units digit of i?
7
Suppose -13 = -5*t + 7. Suppose 0 = -i - t*i. Suppose 4*u + 9 = 5*r, 2*r + i + 2 = 3*u. What is the units digit of r?
5
Let p be (-333)/(-2)*8/6. Suppose -p = w - 7*w. What is the units digit of w?
7
Let d = -12 + 14. What is the units digit of d?
2
Let j be 2 - (2 - (-1 + 2)). Suppose 3*w - 2*w - j = 0. Suppose -r + 0*r = -w. What is the units digit of r?
1
Let l be (3 + -4)*-3 + 54. Let x = l - 40. What is the tens digit of x?
1
Suppose -14 - 6 = 2*n. Let k = n + 16. Suppose -5*v + 43 = -2*g + k*g, 29 = 4*v + 5*g. What is the tens digit of v?
1
Suppose -3*o + 25 = q - 0*q, 72 = 4*q + 5*o. What is the tens digit of q?
1
Let p(s) = 4*s. Let b be p(1). Suppose -4 = b*i - 8. What is the units digit of i?
1
Let t = -78 + 43. What is the units digit of 2/(-7) - 780/t?
2
Let u = 4 - 1. Suppose -3 = w, -4*g - 46 = u*w - 1. Let j = g + 13. What is the units digit of j?
4
Suppose -4*t + 4*y = 3*y + 9, 13 = 2*t + 3*y. Let v(l) = -12*l. Let k be v(t). What is the tens digit of (-2 - -2) + -1 + k?
1
Suppose -4*c = 4*y - 1064, 3*y + 2*y - 1346 = 3*c. What is the tens digit of y?
6
Suppose 41 + 12 = g. What is the units digit of g?
3
Suppose 428 = 4*u - 56. What is the tens digit of u?
2
Let s(d) = -d**3 - 14*d**2 - 4*d - 13. Suppose -2*r = x + 3 + 5, -3*r = -5*x - 79. What is the units digit of s(x)?
3
Let w(a) = -a**3 + 15*a**2 - 14*a + 2. What is the units digit of w(14)?
2
Let g(d) = d + 2. Let i be g(-1). Let h = 2 + -11. What is the units digit of i*(0 - (1 + h))?
8
What is the hundreds digit of ((-112)/12)/((-4)/60)?
1
Let l = 96 - 50. What is the units digit of l?
6
Let s be -2 - (1 + 11)/(-2). Suppose -36 = -3*k - 5*w, s*w + 97 = 5*k - 0*k. What is the tens digit of k?
1
Suppose -3*a - 5*o = -30, 0*a + 3*o - 19 = -2*a. Let p(g) = -g**2 + 6*g + 4. What is the units digit of p(a)?
9
Let y = 88 - 50. What is the units digit of y?
8
Suppose v - 23 = 4*k, 3*k = -v - 7 - 5. Suppose -2*b + 45 = v*b. What is the units digit of b?
9
Let d(o) = 6*o + 9. What is the tens digit of d(4)?
3
Suppose 1 = -4*q - 5*b, b + 0 - 4 = -5*q. Let d be (1 + 1)/(q/(-2)). Let t = 8 - d. What is the units digit of t?
2
Suppose 16 = 4*k, 0 = v - 2*v - 2*k + 174. What is the units digit of v?
6
Let h(k) = -7*k - 33. Let j(y) = -11*y - 50. Let m(t) = -8*h(t) + 5*j(t). Suppose 70 = 2*p - 9*p. What is the units digit of m(p)?
4
Let g be 285/247 - 4/26. What is the units digit of -47*g*(-8 - -7)?
7
Suppose -6*r + r = 2*p - 195, -4*p = 0. What is the tens digit of r?
3
Let i(f) = f**2 + 10*f - 1. Let b(u) = u**2 + 11*u - 2. Let z(q) = -4*b(q) + 5*i(q). Let h be (-20)/(-30)*42/(-4). What is the units digit of z(h)?
0
Let a(v) = -v - v**2 + v**3 + 2*v**2 - 2*v - 1. Suppose 0 = 3*x + 4*m - 2*m + 8, -12 = 5*x + 2*m. What is the units digit of a(x)?
1
Suppose 0 = -4*n - 0*n. Suppose v + 79 = 4*a, -5*a + n*v = v - 92. What is the units digit of a?
9
Let j = -6 + 11. Suppose -30 = -j*b + 3*b. What is the units digit of b?
5
Let i = -17 + 20. What is the units digit of i?
3
What is the tens digit of (-10)/20*(-107 - -1)?
5
Let v be (-135)/20 + 1/(-4). Let n = 10 + v. Suppose -5*s + 22 = -n, 0 = -k + s - 2. What is the units digit of k?
3
Let u be (-11)/(-22) - 9/2. Let o(v) = -5 + 4 - 1 - v. What is the units digit of o(u)?
2
Suppose -16 = -4*c, -58 = -9*q + 4*q + 3*c. What is the tens digit of q?
1
Let y(a) = a**3 + 11*a**2 - 14*a - 4. Let s be y(-12). Suppose 3*k = 7 + s. What is the units digit of k?
9
Let y = 9 + -6. Suppose -2*x = y*x + 4*n - 178, 5*x - 5*n - 160 = 0. What is the units digit of x?
4
Suppose -4*v - 2 = -2*v. Let s be 0 + (-2 - (v - -4)). What is the units digit of (26/4)/(s/(-10))?
3
What is the units digit of 356/10 - (-6)/15?
6
What is the tens digit of 9/(-12) - (-115)/4?
2
Let y be 5/(-25) + (-22)/(-10). Suppose -3*m - 4 = -2*i, 5 = -y*m + m - 3*i. What is the units digit of (-2 + 2/2)*m?
2
Suppose 3*r + 2*w + 0*w - 4 = 0, 4*w = 4*r - 12. Suppose 4*v - 6*v + r = 0. What is the units digit of v?
1
Suppose 8*f = 3*f + 325. Let i = f - 30. Suppose -3*k = -i - 7. What is the tens digit of k?
1
Suppose 5 = j + 3. Suppose -5*p - 3 = -j*l + 15, -3*l + 3*p + 36 = 0. What is the tens digit of l?
1
What is the units digit of 1461/11 + 8/44?
3
Let h = 4 + 3. Let q(s) = s**3 - 7*s**2 + s + 8. Let z be q(h). Let t = z + -9. What is the units digit of t?
6
Let b = 0 + -5. Let f = b + 17. What is the tens digit of f?
1
Let n = -48 - -82. What is the units digit of n?
4
Let g(j) = 13*j**3 - j - 1. Let h be g(-1). Let t = h + 5. What is the units digit of 68/t*2/(-1)?
7
Let s(l) = l**2 - 5*l + 9. What is the tens digit of s(12)?
9
Let h = -42 - -70. Suppose 0 = -j + h - 10. What is the tens digit of j?
1
Suppose -2*y + 3*y - 32 = -p, 5*y = 0. Suppose -2*f + 0*f + p = 0. What is the units digit of f?
6
Suppose -2*j = c - 43, 2*j - c = 6*j - 91. What is the tens digit of j?
2
Let r(y) = 2*y**2 - 9*y + 11. What is the tens digit of r(7)?
4
Let f be (-4)/2*10/(-4). What is the units digit of f*(2 + -3)*-5?
5
Suppose 3 = -0*d - 3*d. Let w(r) = -2*r - 1. What is the units digit of w(d)?
1
Let f(z) be the third derivative of 5/6*z**3 + 1/12*z**4 + 0 + 0*z + z**2. What is the tens digit of f(5)?
1
Let a be 1 + (68 - (3 - 6)). Suppose -5*x = -33 - a. Suppose 2*v - 5*v + x = 0. What is the units digit of v?
7
What is the units digit of (3 + -2)/(1300/(-652) + 2)?
3
Suppose -2*u = 0, -y - 4*y = u - 125. What is the tens digit of y?
2
Let v = 176 - 114. What is the units digit of v?
2
Let z = 14 + -10. Suppose 3*g = z*g - 26. What is the units digit of g?
6
Suppose 3*c - 4 = 2. Suppose 0*y + c*y - 42 = 0. What is the tens digit of y?
2
What is the units digit of ((-2)/(-2) + -63)/(-1)?
2
Suppose 2*r - 2*q - 73 = 3*q, -53 = -2*r + q. Suppose r = 7*v - 3*v. What is the units digit of (-4)/v + (-51)/(-9)?
5
Let i be 3/(-6)*24/(-2). Suppose x + 9 + i = 5*m, -2*m - 10 = -2*x. What is the units digit of x?
0
Suppose -3*g - 15 = -4*z, g + 0*g = 5*z - 16. Suppose 3*n + 59 = 2*h + z*h, 0 = 4*h + 3*n - 58. What is the units digit of h?
3
Suppose 8*j - 753 = 5*j. What is the units digit of j?
1
Let f(j) be the second derivative of -j**3/2 - 2*j**2 + 3*j. What is the units digit of f(-9)?
3
Suppose 2*d = q - 5, -2*q = -4*q - 5*d + 1. Suppose q*g = 2*g + 2. What is the units digit of (5 - 6)/(g/(-24))?
2
Let r(k) = 9*k**3 + 6*k**2 - 15*k - 3. Let q = 2 + 1. Let v(n) = -4*n**3 - 3*n**2 + 7*n + 2. Let t(a) = q*r(a) + 7*v(a). What is the units digit of t(-4)?
5
Let d be 7 + 5 + -2 - 3. Let q = d - 5. What is the units digit of q?
2
Suppose -12 = 3*y, -2*n + 365 = y + 5. What is the hundreds digit of n?
1
Suppose -4*s - 5*o = -37, -8 = 4*s - 3*o - o. Let a(j) = j**3 + 4*j**2 + 2*j - 2. Let i be a(-2). Suppose k - s*k = -i. What is the units digit of k?
1
Let a be 306/42 + 4/(-14). Let f(h) = h**3 - 8*h**2 + 10*h - 10. What is the tens digit of f(a)?
1
Let t(v) = 4*v**2 - 2*v - 1. Let b be (-3)/4 - 5/20. What is the units digit of t(b)?
5
Suppose 0 = 4*k - 18 + 2. Suppose -5*f + k*z - 32 = 0, -3*f + z + 3*z - 24 = 0. Let r = f - -5. What is the units digit of r?
1
Let l(g) = g**2 - 3*g - 6. Let h 